-2*s + 68. Calculate the remainder when 97 is divided by s.
1
Let d be 2466/14 + 19/(-133). Let u = -133 + d. Calculate the remainder when 132 is divided by u.
3
Let r be (12/18)/(5/(2850/4)). Let k = r + -90. Suppose 0 = 3*x + k*f + 11, 0 = -x - f - 2*f - 9. Calculate the remainder when 17 is divided by x.
2
Let w(z) be the first derivative of 7*z**2 - 70*z + 22. Calculate the remainder when 279 is divided by w(9).
55
Let j(x) = 67*x**2 - x. Suppose 4*v - 120 = 9*v. Let y = v - -23. What is the remainder when j(y) is divided by 14?
12
Let t = -33432 - -36353. What is the remainder when t is divided by 17?
14
Suppose o + 154 = 4*c, -5*o + 66 = 2*c - 0*c. Let b(p) = -1 - c*p - 3 + 8. Calculate the remainder when 124 is divided by b(-1).
40
Let j = 2789 - 2760. Suppose -c + 39 = 5. What is the remainder when c is divided by j?
5
Suppose -6 = -89*r + 92*r. Suppose 4*f + f + 45 = 0. What is the remainder when 46 is divided by (9/r)/f*24?
10
Let t(g) = g**2 + 20*g - 644. What is the remainder when 577 is divided by t(21)?
143
Let d(p) = p**2 + 4*p + 8. Let o be d(-5). Suppose 0 = -o*r + 6*r - 7. What is the remainder when 78 is divided by (12/6 + r)*(0 - -20)?
18
Let f = -3356 + 3360. Calculate the remainder when 107 is divided by f.
3
Suppose 2*y + 23*q = 21*q + 792, 4*q = -3*y + 1182. What is the remainder when y is divided by 91?
38
Suppose -2*l - 6 + 8 = 0. Let d be 0*(-4 + 2 + l + 0). Suppose d = 3*u + 4*x - 91, 0 = 5*u + 4*x - 0*x - 149. Calculate the remainder when 57 is divided by u.
28
Let v(f) = -2*f**3 + 6*f**2 + 17*f - 44. Calculate the remainder when 127 is divided by v(3).
1
Let t(s) = -2*s**2 + 21*s - 108. Let l be t(6). Calculate the remainder when 2/(l/14 + 4) is divided by (1/(-3))/(3/(-45)).
4
Calculate the remainder when 944 is divided by (-630)/(-3)*(-9)/(-4) - 197/394.
0
What is the remainder when 1894 is divided by 2835/28*(-312)/(-117)?
4
Suppose 5*v - 17672 = -3*t, -3*t - 1069*v + 17651 = -1067*v. What is the remainder when t is divided by 105?
104
Let g be (1 - 5 - -2) + 5 + 7. Suppose -g*m + 21 = -269. What is the remainder when 345 is divided by m?
26
Let j(m) = 23*m**3 + 44*m**2 + 4*m + 2. Let v be j(-3). Let i = -210 - v. What is the remainder when 118 is divided by i?
18
Let j(g) = -3*g + 50. Suppose 0 = -13*m + 109 + 125. Let c be j(m). What is the remainder when (1/c)/((-1)/(-4)) - -63 is divided by 16?
14
Suppose -2*f = -w - 12, -136*f + 135*f = -w - 8. What is the remainder when 327 is divided by f?
3
Suppose -2*i = a - 27, -2*a + 9 = 3*i - 42. Suppose 126 = 7*m + a. Let y = m - 4. What is the remainder when 41 is divided by y?
8
Suppose -f + 990 = 10*f. Let u = 5 + f. Let h = -10 - -26. Calculate the remainder when u is divided by h.
15
Suppose 0 = -75*d + 2488 - 463. Let w = -1 + -5. Let g = w + 84. Calculate the remainder when g is divided by d.
24
Let m = -455 + 680. What is the remainder when m is divided by 115?
110
Let f be 714/(-153)*(-381)/2. Suppose -7*m = -f - 2177. What is the remainder when m is divided by 44?
42
Calculate the remainder when 1247/319*11 + -20 is divided by 4/30 - (-2007)/135.
8
Suppose 271*y - 8 = 269*y. Suppose 0 = -j - 3*r + 18, -3 = -y*r + 9. Calculate the remainder when j is divided by 6.
3
Let m(c) = 16*c. Let q(x) = -x**2 + 34*x - 65. Calculate the remainder when q(28) is divided by m(3).
7
Let o(k) = k**3 + k**2 + 9*k + 19. Let s be o(-2). Let d(u) = u**2 - 11*u - 21. What is the remainder when 23 is divided by d(s)?
2
Let a(b) = -b**2 - 9*b - 4. Suppose 0 = 4*h + 8, -3*d + 5*h - 679 = 10*h. Let j = 290 + d. What is the remainder when j is divided by a(-6)?
11
Let l(b) = b**2 + 5*b - 12. Let a be l(5). Suppose 2*s = -4*n + a, -s + 0 = -4*n - 13. What is the remainder when 168 is divided by s?
15
Let r = 1083 - 948. What is the remainder when 450 is divided by r?
45
Let b(c) = -3*c - 19. Suppose y + 3 = 7. Suppose v - 59 = 4*g, 5*g - 20 - 111 = -y*v. Calculate the remainder when v is divided by b(-11).
11
Suppose 5*a + 2*o - 2310 = 0, 3*o + 123 + 820 = 2*a. What is the remainder when a is divided by 210?
44
Let c = 22054 + -21518. Calculate the remainder when c is divided by 117.
68
Let s(t) = t**3 + 9*t**2 + 26*t + 36. Let b be s(-6). What is the remainder when -66*(8 + b - 2) is divided by 67?
61
Calculate the remainder when (-88 - -16)/(-24)*3/((-9)/(-917)) is divided by 65.
7
What is the remainder when 2284 is divided by (6/(-75)*(-2860)/13)/(8/20)?
40
Let g(l) = -6*l**3 + 4*l**2 + 3*l + 1. Let w(c) = 8*c**2 + 22*c + 17. Let j be w(-6). Let q = 185 - j. What is the remainder when g(-2) is divided by q?
11
Suppose 1 = -h + 2*q + 3, -4*q + 8 = -h. Let x = 2354 + -2352. Suppose 52 - h = x*r. What is the remainder when r is divided by 4?
0
Suppose 5*n - 946 = -5*x + 419, 3*n - x - 819 = 0. What is the remainder when n is divided by 79?
36
Let z(r) = -3*r + 35. Let h be z(11). Suppose -3*a + h*b = -179, -4*b + 155 = 2*a + a. Calculate the remainder when a is divided by 29.
28
Suppose 43*l - 115 = 38*l. Let w be (l/1)/(3/(7 + -1)). Suppose 48*b - 248 = w*b. Calculate the remainder when b is divided by 21.
19
Suppose -16*h = 5*h - 84. What is the remainder when 27 is divided by h/(((-25)/20)/(-5))?
11
Let f(c) = -113*c + 4282. What is the remainder when f(30) is divided by 65?
47
Suppose 48*g = 46*g + 1490. Let y = -721 + g. Let s = -62 + 108. Calculate the remainder when s is divided by y.
22
Let q(t) = 257*t - 2139. Calculate the remainder when 176 is divided by q(9).
2
Let t = 26 - 27. Let m be (-6 + 6)/(-2 - t). Suppose 28*i - 22*i - 138 = m. What is the remainder when 89 is divided by i?
20
Suppose -3398 = -28*r + 354. Let h = 217 - r. What is the remainder when h is divided by -129*(-1 + 4/6)?
40
Let u(m) = -19*m + 2. Let g be (3/(-2))/(9/18). Let b be u(g). Suppose -130 = -3*y + b. What is the remainder when y is divided by 24?
15
Suppose -2*y - 4*r - 108 + 1428 = 0, 4*y = -r + 2682. Calculate the remainder when y is divided by 96.
0
Suppose -5 + 0 = 5*l, p - 200 = -2*l. Suppose -19*a + 3*a = -544. Calculate the remainder when p is divided by a.
32
Let n = 31 + -22. Let w be (-3)/12 + (247/(-4) - 2). What is the remainder when 16 is divided by (0 - n/4)*w/24?
4
Let d(j) = -j**3 + 21*j**2 - 39*j + 62. What is the remainder when (-109)/(-2) - 34/68 is divided by d(19)?
11
Let u be (-20)/180 + (-682)/18 + 5. Calculate the remainder when 125 is divided by 2 + (-9)/3 - (u - -3).
9
Let j = -4959 - -4965. Calculate the remainder when 360 is divided by j.
0
Calculate the remainder when 367 is divided by 102 - (585/(-15))/(-13).
70
Suppose 90 = 6*s - s. Suppose 389*o - 371*o = 954. What is the remainder when o is divided by s?
17
Suppose -b - 757 + 2216 = 5*q, 3*q - 6*b = 915. Suppose i = -26 + 75. Calculate the remainder when q is divided by i.
48
Suppose -6*y + 662 = -150 - 1102. Calculate the remainder when y is divided by 152.
15
Let s be 6*((-20)/8 - -3). Suppose -105 = s*p - 111. Suppose 56 = 3*i - i - p*j, 3*i - 5*j - 82 = 0. Calculate the remainder when i is divided by 6.
5
Calculate the remainder when 3/12*-2 + 14826/84 is divided by 16.
0
Let o(f) be the second derivative of 8*f**3/3 - 107*f**2/2 + 63*f. Calculate the remainder when (1 - 4/(-6))*87 is divided by o(9).
34
Let g = 33 - 14. Suppose 186*a - 188*a = -2126. Let v = -950 + a. Calculate the remainder when v is divided by g.
18
Let d(a) = a**3 - 29*a**2 + 135. Calculate the remainder when 10528 is divided by d(29).
133
Suppose -62678 = -15*a + 12*a - 34*a. What is the remainder when 6795 is divided by a?
19
Let n = -268 - -45. Suppose 3*z = 2*v + 82, z + v - 5 = 24. Calculate the remainder when 0 + n/(-2) - (-7)/(-14) is divided by z.
27
Suppose 3*n = -5*n - 1136. Let r = n + 140. What is the remainder when 150 is divided by r + -2 + 5 + 37?
36
Let m = 1758 + -1699. Calculate the remainder when 168 is divided by m.
50
Suppose -9*i + 14*i - 25 = 0. Suppose g = -3*l + 122, -8*l = -i*l + 4*g - 110. What is the remainder when l is divided by 25?
17
Let z(m) = m**2 - 3*m - 16. Let q be z(-6). Let g = 263 + q. Suppose -5*f - g + 1036 = 0. Calculate the remainder when f is divided by 37.
36
Suppose 2*j + t + 2*t = 53, 5*t - 5 = 0. Suppose -j*o = -31*o + 60. What is the remainder when 20 is divided by o?
0
Let a = 1026